
626
Calculate the remainder when 18292 is divided by 53.
7
What is the remainder when 20330 is divided by 124?
118
Calculate the remainder when 3608 is divided by 47.
36
Calculate the remainder when 75680 is divided by 204.
200
Calculate the remainder when 27894 is divided by 13935.
24
Calculate the remainder when 58527 is divided by 15.
12
What is the remainder when 1280818 is divided by 1221?
1210
What is the remainder when 176525 is divided by 17?
14
Calculate the remainder when 1357 is divided by 163.
53
Calculate the remainder when 9424 is divided by 23.
17
What is the remainder when 72331 is divided by 2494?
5
What is the remainder when 77544 is divided by 191?
189
Calculate the remainder when 54598 is divided by 60.
58
Calculate the remainder when 28532 is divided by 3.
2
Calculate the remainder when 20725 is divided by 329.
327
Calculate the remainder when 5156 is divided by 601.
348
What is the remainder when 7882 is divided by 134?
110
Calculate the remainder when 96939 is divided by 5.
4
What is the remainder when 150379 is divided by 63?
61
Calculate the remainder when 23450 is divided by 1172.
10
What is the remainder when 26397 is divided by 300?
297
What is the remainder when 245215 is divided by 438?
373
Calculate the remainder when 321 is divided by 40.
1
What is the remainder when 13507 is divided by 22?
21
What is the remainder when 3825 is divided by 476?
17
Calculate the remainder when 6298 is divided by 71.
50
What is the remainder when 51191 is divided by 3931?
88
What is the remainder when 110801 is divided by 13849?
9
Calculate the remainder when 3273621 is divided by 15.
6
Calculate the remainder when 12900 is divided by 231.
195
What is the remainder when 7436 is divided by 436?
24
What is the remainder when 605873 is divided by 510?
503
What is the remainder when 20835 is divided by 131?
6
What is the remainder when 1109152 is divided by 596?
592
What is the remainder when 15934 is divided by 430?
24
What is the remainder when 341733 is divided by 90?
3
What is the remainder when 36502 is divided by 59?
40
What is the remainder when 2852 is divided by 189?
17
What is the remainder when 1731468 is divided by 186?
180
Calculate the remainder when 85293 is divided by 820.
13
Calculate the remainder when 55043 is divided by 10.
3
What is the remainder when 58843 is divided by 83?
79
Calculate the remainder when 9485 is divided by 51.
50
What is the remainder when 13357 is divided by 121?
47
What is the remainder when 48167 is divided by 1370?
217
Calculate the remainder when 2672 is divided by 893.
886
Calculate the remainder when 1827 is divided by 39.
33
What is the remainder when 58248 is divided by 13?
8
Calculate the remainder when 723329 is divided by 190.
189
What is the remainder when 4733201 is divided by 868?
865
What is the remainder when 214249 is divided by 22?
13
Calculate the remainder when 180118 is divided by 32.
22
What is the remainder when 202169 is divided by 36?
29
What is the remainder when 207671 is divided by 72?
23
What is the remainder when 11166 is divided by 37?
29
What is the remainder when 1692 is divided by 20?
12
What is the remainder when 6268 is divided by 894?
10
What is the remainder when 257238 is divided by 40?
38
What is the remainder when 3040 is divided by 854?
478
What is the remainder when 3202 is divided by 73?
63
Calculate the remainder when 418469 is divided by 377.
376
What is the remainder when 7618 is divided by 136?
2
What is the remainder when 73781 is divided by 401?
398
Calculate the remainder when 9314 is divided by 22.
8
Calculate the remainder when 7879 is divided by 275.
179
Calculate the remainder when 8345 is divided by 680.
185
Calculate the remainder when 31575 is divided by 19.
16
What is the remainder when 23774 is divided by 49?
9
Calculate the remainder when 68583 is divided by 426.
423
Calculate the remainder when 358242 is divided by 2541.
2502
What is the remainder when 2123 is divided by 25?
23
What is the remainder when 85050 is divided by 23?
19
Calculate the remainder when 7795 is divided by 1548.
55
Calculate the remainder when 564 is divided by 26.
18
Calculate the remainder when 269716 is divided by 162.
148
What is the remainder when 1438747 is divided by 22?
13
What is the remainder when 3746 is divided by 1948?
1798
Calculate the remainder when 48275 is divided by 1560.
1475
What is the remainder when 528 is divided by 214?
100
What is the remainder when 6695 is divided by 897?
416
Calculate the remainder when 3597 is divided by 1193.
18
What is the remainder when 367722 is divided by 183845?
32
What is the remainder when 3616 is divided by 155?
51
Calculate the remainder when 11069 is divided by 3654.
107
Calculate the remainder when 13514 is divided by 1385.
1049
What is the remainder when 26775 is divided by 282?
267
What is the remainder when 269613 is divided by 340?
333
What is the remainder when 32373 is divided by 3597?
0
What is the remainder when 1439050 is divided by 61?
60
What is the remainder when 90421 is divided by 459?
457
Calculate the remainder when 157126 is divided by 12.
10
What is the remainder when 1325 is divided by 90?
65
Calculate the remainder when 36036 is divided by 5130.
126
What is the remainder when 63128 is divided by 7891?
0
What is the remainder when 13922 is divided by 1972?
118
Calculate the remainder when 16031 is divided by 295.
101
Calculate the remainder when 32819 is divided by 54.
41
What is the remainder when 145871 is divided by 72?
71
Calculate the remainder when 23625 is divided by 26.
17
Calculate the remainder when 3054 is divided by 56.
30
What is the remainder when 1148433 is divided by 292?
289
What is the remainder when 523 is divided by 160?
43
What is the remainder when 547121 is divided by 54?
47
Calculate the remainder when 35271 is divided by 32.
7
Calculate the remainder when 494312 is divided by 23.
19
Calculate the remainder when 90677 is divided by 714.
713
Calculate the remainder when 18449 is divided by 9205.
39
What is the remainder when 76012 is divided by 42?
34
Calculate the remainder when 1802 is divided by 33.
20
What is the remainder when 48229 is divided by 23?
21
What is the remainder when 452209 is divided by 10?
9
What is the remainder when 26439 is divided by 3304?
7
Calculate the remainder when 13593 is divided by 12.
9
What is the remainder when 1239 is divided by 27?
24
Calculate the remainder when 8428 is divided by 3255.
1918
What is the remainder when 1757 is divided by 100?
57
Calculate the remainder when 2146 is divided by 23.
7
What is the remainder when 58314 is divided by 14571?
30
Calculate the remainder when 7960 is divided by 3932.
96
What is the remainder when 22131 is divided by 3686?
15
Calculate the remainder when 1165 is divided by 1119.
46
Calculate the remainder when 57782 is divided by 11.
10
What is the remainder when 2100 is divided by 499?
104
Calculate the remainder when 3167602 is divided by 132.
130
Calculate the remainder when 3321 is divided by 100.
21
Calculate the remainder when 9818 is divided by 410.
388
What is the remainder when 6577 is divided by 16?
1
What is the remainder when 7489221 is divided by 258?
255
Calculate the remainder when 2484 is divided by 790.
114
Calculate the remainder when 195 is divided by 184.
11
What is the remainder when 192884 is divided by 96439?
6
Calculate the remainder when 64721 is divided by 245.
41
What is the remainder when 15420 is divided by 5093?
141
What is the remainder when 43733 is divided by 74?
73
Calculate the remainder when 17701 is divided by 10.
1
What is the remainder when 169087 is divided by 28180?
7
What is the remainder when 2850 is divided by 1410?
30
What is the remainder when 1113 is divided by 492?
129
Calculate the remainder when 6594 is divided by 250.
94
What is the remainder when 2602 is divided by 288?
10
What is the remainder when 19489 is divided by 149?
119
Calculate the remainder when 61388 is divided by 16.
12
What is the remainder when 3174 is divided by 701?
370
What is the remainder when 84083 is divided by 16788?
143
Calculate the remainder when 460569 is divided by 23.
17
What is the remainder when 669 is divided by 633?
36
Calculate the remainder when 63